
False
Is 383991659 composite?
False
Is 230168333 prime?
True
Is 11484853 prime?
False
Is 1975013 composite?
True
Is 510722453 prime?
True
Is 109860539 composite?
False
Is 87828877 prime?
False
Is 179528753 prime?
False
Is 73698403 a prime number?
True
Is 106131889 prime?
True
Is 88315333 prime?
False
Is 176356751 a prime number?
True
Is 67296891 a prime number?
False
Is 19984786 a prime number?
False
Is 71544821 prime?
True
Is 510540617 composite?
True
Is 86354873 composite?
True
Is 159558461 composite?
True
Is 5628793 prime?
True
Is 1342769 a composite number?
True
Is 1370681 prime?
False
Is 26070719 a composite number?
False
Is 1664255 composite?
True
Is 115237753 a prime number?
True
Is 173656217 a composite number?
True
Is 31180817 a composite number?
False
Is 367325363 prime?
False
Is 48864601 a prime number?
True
Is 11951039 a composite number?
True
Is 104309011 a composite number?
True
Is 932051998 composite?
True
Is 115081909 composite?
False
Is 40612199 a composite number?
True
Is 4098763 composite?
False
Is 54308599 a prime number?
False
Is 1908407 a prime number?
True
Is 383067947 a prime number?
True
Is 865979 a composite number?
False
Is 7723337 a composite number?
False
Is 1126291 a composite number?
True
Is 24577057 prime?
True
Is 5457673 prime?
False
Is 40423 a composite number?
False
Is 11013551 prime?
True
Is 3609227 composite?
True
Is 11809979 prime?
True
Is 2315471 a prime number?
True
Is 24228805 prime?
False
Is 22212271 composite?
False
Is 633089239 composite?
False
Is 27424843 prime?
True
Is 203221651 prime?
False
Is 6591749 a prime number?
True
Is 9864113 composite?
True
Is 177571367 composite?
False
Is 341501 a prime number?
True
Is 767429179 a composite number?
True
Is 53799107 a composite number?
False
Is 967111 prime?
True
Is 18254315 composite?
True
Is 550859 a composite number?
False
Is 2559301 prime?
False
Is 3774979 a composite number?
True
Is 2361057713 prime?
False
Is 567937 prime?
True
Is 53918797 a prime number?
True
Is 25724057 prime?
True
Is 157008973 a prime number?
False
Is 1557547 composite?
False
Is 3159973 composite?
False
Is 145391 prime?
True
Is 2239646 prime?
False
Is 1212473 a composite number?
False
Is 191050829 prime?
True
Is 53746159 a prime number?
True
Is 389462669 composite?
True
Is 22604383 a composite number?
False
Is 32603887 a prime number?
True
Is 53605903 a prime number?
False
Is 391146703 a composite number?
True
Is 20330483 composite?
True
Is 64375835 prime?
False
Is 6859063 a prime number?
True
Is 19563487 a prime number?
False
Is 24728761 composite?
True
Is 208337399 a composite number?
True
Is 7912109 a prime number?
False
Is 33155023 a composite number?
True
Is 878653 a composite number?
True
Is 101586481 a prime number?
True
Is 1148957 composite?
False
Is 581932963 a prime number?
True
Is 46458745 composite?
True
Is 2152037 a prime number?
True
Is 35386885 a prime number?
False
Is 16571761 composite?
False
Is 5990903 composite?
False
Is 328418047 composite?
True
Is 109650041 composite?
False
Is 419499629 a composite number?
False
Is 100701437 a prime number?
False
Is 319059751 a composite number?
False
Is 1813117 a composite number?
True
Is 125266569 a prime number?
False
Is 1233787 prime?
False
Is 2769241 prime?
True
Is 669447079 a prime number?
False
Is 2041793 a composite number?
True
Is 518032591 a prime number?
True
Is 192546017 a composite number?
True
Is 101076211 a prime number?
True
Is 1027709 a composite number?
True
Is 634969 a prime number?
True
Is 32346647 a composite number?
False
Is 8262227 a composite number?
False
Is 48241849 prime?
True
Is 11797717 composite?
False
Is 5256641 a prime number?
False
Is 3252091 composite?
False
Is 22768279 prime?
False
Is 139409857 composite?
False
Is 3287983 composite?
True
Is 4471 a composite number?
True
Is 7308286 composite?
True
Is 172545143 a prime number?
True
Is 11548477 prime?
False
Is 46651349 prime?
False
Is 58406807 prime?
False
Is 67242397 a prime number?
False
Is 3367837 composite?
True
Is 52041001 composite?
False
Is 86381017 a composite number?
False
Is 479827441 composite?
True
Is 51164413 composite?
True
Is 4477691 prime?
True
Is 2736667 a composite number?
True
Is 321860155 prime?
False
Is 31990499 composite?
True
Is 564082481 a composite number?
False
Is 89339639 a composite number?
True
Is 84727073 composite?
False
Is 1515313 a prime number?
True
Is 35512409 a prime number?
True
Is 330712757 prime?
False
Is 14303281 a composite number?
False
Is 619679417 a prime number?
False
Is 1022009 prime?
False
Is 55529869 a prime number?
True
Is 9879557 a composite number?
False
Is 3481439 composite?
True
Is 158644559 composite?
True
Is 8870023 a prime number?
False
Is 49612651 a prime number?
False
Is 562770399 a composite number?
True
Is 4565069 prime?
True
Is 13144999 a composite number?
True
Is 11419459 a prime number?
False
Is 32517533 a prime number?
False
Is 45519611 prime?
False
Is 376265521 a prime number?
True
Is 12345479 prime?
True
Is 47468569 a prime number?
False
Is 9720199 prime?
False
Is 10277311 a composite number?
True
Is 19774379 a prime number?
False
Is 155151211 a prime number?
True
Is 75742753 composite?
False
Is 171479573 a composite number?
False
Is 145752853 prime?
True
Is 25816801 a composite number?
True
Is 5614163 composite?
True
Is 11306123 a prime number?
True
Is 147014869 composite?
True
Is 31844431 a composite number?
False
Is 123057503 composite?
False
Is 486689611 composite?
False
Is 65457113 composite?
False
Is 5249899 composite?
True
Is 1732901 a prime number?
True
Is 67367041 a composite number?
True
Is 6247574557 prime?
False
Is 4196471 a composite number?
True
Is 29989441 composite?
False
Is 55931467 prime?
True
Is 5694407 a prime number?
True
Is 1464079 a composite number?
False
Is 130241 a prime number?
True
Is 20918197 composite?
False
Is 975270371 prime?
True
Is 18789349 a composite number?
True
Is 8472109 composite?
False
Is 64114093 a composite number?
True
Is 770167 prime?
True
Is 8658829 composite?
False
Is 550007 a composite number?
False
Is 695927 composite?
False
Is 475174451 prime?
True
Is 4899911 a composite number?
True
Is 2848903 prime?
False
Is 3923669 a prime number?
True
Is 68800681 a prime number?
True
Is 3523201 composite?
True
Is 22317969 composite?
True
Is 92986519 prime?
True
Is 3461102 composite?
True
Is 295321942 prime?
False
Is 43773662 prime?
False
Is 770699 a composite number?
True
Is 7846961 composite?
False
Is 237522526 a prime number?
False
Is 943003 prime?
True
Is 387626477 a prime number?
False
Is 51158227 a prime number?
True
Is 3187309 prime?
True
Is 88093637 composite?
False
Is 4155703 a prime number?
True
Is 5857541 a prime number?
False
Is 35702377 composite?
False
Is 12253159 a prime number?
False
Is 3536971 prime?
False
Is 8179529 prime?
True
Is 2888822 prime?
False
Is 10747311 composite?
True
Is 908068081 composite?
True
Is 2451203 prime?
True
Is 4035293 prime?
True
Is 89257589 a composite number?
True
Is 403666 a prime number?
False
Is 4153379 prime?
False
Is 112130699 composite?
False
Is 235569449 composite?
False
Is 36885287 prime?
True
Is 191810667 a prime number?
False
Is 2598847 composite?
False
Is 402589 a prime number?
False
Is 47660695 prime?
False
Is 21174929 a composite number?
False
Is 15274187 composite?
False
Is 4824847 a prime number?
True
Is 4983323 a prime number?
True
Is 73861969 composite?
False
Is 176730139 a composite number?
False
Is 3311366 prime?
False
Is 12851897 a prime number?
True
Is 5917543 a composite number?
False
Is 13437187 composite?
False
Is 261028477 a composite number?
False
Is 772349 a prime number?
True
Is 5189291 a prime number?
True
Is 1806769 a composite number?
False
Is 153324253 composite?
False
Is 741071 a composite number?
False
Is 3565433 composite?
True
Is 320813 a composite number?
True
Is 50309 composite?
True
Is 222647657 a prime number?
False
Is 347823989 a prime number?
True
Is 8372291 a prime number?
True
Is 26674877 a composite number?
False
Is 5962841 composite?
True
Is 1935937 prime?
False
Is 11669243 a composite number?
False
Is 33040583 a prime number?
True
Is 172173541 prime?
True
Is 37553378 a prime number?
False
Is 44238671 a composite number?
False
Is 195564289 a composite n